late the greatest common factor of 10471 and 7605908.
283
What is the greatest common factor of 1366 and 329902660?
1366
What is the greatest common divisor of 25509 and 4558381?
773
What is the highest common divisor of 69993 and 1885367?
1111
What is the greatest common divisor of 540 and 4295740?
20
What is the highest common divisor of 784 and 160792520?
392
What is the greatest common factor of 53 and 125057?
1
What is the highest common divisor of 69 and 119256863?
23
What is the greatest common factor of 1101 and 11349108?
1101
Calculate the highest common divisor of 153708 and 3504.
12
What is the highest common divisor of 1030 and 3325500?
10
What is the highest common divisor of 5616923 and 52?
13
What is the highest common factor of 2147283 and 6?
3
What is the greatest common divisor of 7103861 and 8083?
137
Calculate the highest common divisor of 29932 and 55784696.
4276
Calculate the greatest common factor of 454509 and 2673.
99
Calculate the greatest common divisor of 43882 and 27528.
74
What is the greatest common divisor of 476292443 and 22?
11
What is the highest common divisor of 104 and 223834858?
26
Calculate the greatest common factor of 356 and 5620617.
89
What is the highest common divisor of 935169 and 7626?
123
Calculate the greatest common factor of 262472319 and 5022.
2511
Calculate the greatest common factor of 5035 and 661675.
95
What is the highest common factor of 9273292 and 1064?
532
What is the highest common divisor of 3806040 and 230?
230
Calculate the greatest common factor of 6217077 and 8676.
723
Calculate the highest common divisor of 23455854 and 261.
9
Calculate the highest common divisor of 717418 and 968994.
1066
Calculate the greatest common factor of 74518 and 518.
74
Calculate the greatest common factor of 658 and 482173.
47
Calculate the highest common divisor of 5157284 and 154132.
1364
What is the highest common factor of 380856 and 2712?
24
Calculate the greatest common factor of 261716 and 1086540.
364
Calculate the greatest common divisor of 11044 and 2055498236.
11044
What is the greatest common divisor of 325 and 12644100?
25
Calculate the greatest common factor of 5581095 and 780.
195
Calculate the greatest common divisor of 17201 and 264195.
103
What is the greatest common factor of 131560 and 455?
65
What is the highest common divisor of 20984334 and 2724?
1362
What is the greatest common divisor of 51486 and 6?
6
What is the highest common divisor of 170 and 6331310?
170
What is the highest common divisor of 1023465 and 24495?
1065
What is the highest common divisor of 2171 and 104320892?
2171
Calculate the highest common factor of 72 and 123818472.
72
Calculate the highest common divisor of 1442474 and 1096128.
3806
Calculate the highest common factor of 2 and 5924762.
2
What is the greatest common factor of 6491290 and 170?
10
Calculate the greatest common factor of 3791 and 298843.
17
Calculate the highest common divisor of 599 and 134555167.
599
What is the greatest common divisor of 24155201 and 63?
7
What is the greatest common factor of 333 and 8615871?
9
What is the greatest common factor of 506 and 60620824?
506
What is the highest common divisor of 208 and 4310332?
52
Calculate the greatest common factor of 356552 and 73192.
56
What is the highest common factor of 20 and 903130?
10
What is the highest common factor of 29443086 and 306?
18
What is the greatest common factor of 32886 and 358498?
406
What is the greatest common divisor of 6347177 and 3?
1
Calculate the greatest common divisor of 40 and 11024660.
20
What is the highest common factor of 166960192 and 3712?
1856
What is the highest common factor of 150 and 343242?
6
Calculate the highest common factor of 326 and 8860843.
163
Calculate the highest common divisor of 29 and 394226783.
29
Calculate the highest common divisor of 635490 and 2178.
18
What is the greatest common divisor of 62 and 1450098?
2
What is the greatest common divisor of 7166596 and 290?
58
Calculate the highest common divisor of 200361289 and 2546.
1273
Calculate the highest common divisor of 43282388 and 10048.
628
What is the greatest common factor of 10637245 and 74005?
3895
What is the greatest common divisor of 36 and 48010542?
6
Calculate the greatest common factor of 140 and 73826116.
28
What is the highest common factor of 790 and 96672695?
395
Calculate the greatest common factor of 25705710 and 43466.
206
What is the highest common factor of 884 and 947024?
52
Calculate the greatest common factor of 14669544 and 12.
12
Calculate the greatest common divisor of 3405892 and 980.
196
What is the greatest common divisor of 3021 and 3283191?
159
Calculate the greatest common factor of 45849 and 29498298.
1581
Calculate the greatest common factor of 1376264 and 21016.
568
What is the highest common divisor of 127575 and 8923446?
1701
What is the highest common divisor of 64 and 16703936?
64
What is the greatest common factor of 37115 and 44175415?
2855
Calculate the highest common factor of 203571835 and 239.
239
Calculate the highest common divisor of 604 and 70551730.
302
What is the highest common factor of 979243805 and 3425?
685
Calculate the greatest common divisor of 29025 and 258525.
675
Calculate the greatest common factor of 56383283 and 11.
11
What is the highest common divisor of 435336616 and 176?
88
Calculate the highest common factor of 100 and 4627748500.
100
What is the highest common factor of 13449336 and 2682?
894
Calculate the highest common divisor of 269346 and 630276.
318
What is the greatest common divisor of 9761 and 53664?
43
Calculate the greatest common divisor of 19 and 1236197.
19
Calculate the highest common divisor of 5670806 and 144124.
526
What is the greatest common factor of 20228240 and 48?
16
Calculate the greatest common divisor of 615 and 1155510.
15
Calculate the greatest common factor of 282 and 167487743.
47
What is the highest common factor of 19017575 and 200?
25
Calculate the highest common factor of 5226736 and 10272.
1712
What is the highest common factor of 162927899 and 3093?
1031
Calculate the highest common factor of 159 and 311693.
53
What is the highest common divisor of 798201 and 7497?
153
Calculate the greatest common factor of 102576 and 6492.
12
What is the greatest common factor of 236 and 19579858?
118
Calculate the highest common factor of 37 and 1698189.
37
Calculate the highest common divisor of 60 and 800504100.
60
Calculate the greatest common divisor of 651986608 and 42.
14
Calculate the greatest common factor of 5269 and 1129172.
11
What is the greatest common factor of 87 and 2166271?
29
Calculate the highest common divisor of 9945972 and 9.
9
Calculate the highest common factor of 2967411 and 583317.
591
What is the greatest common factor of 5760790 and 334750?
1030
What is the greatest common divisor of 3890 and 392995030?
3890
Calculate the highest common divisor of 8957 and 2512354.
169
Calculate the greatest common factor of 9366 and 231846.
6
Calculate the highest common divisor of 1899060 and 1023.
93
Calculate the greatest common divisor of 8811000 and 15675.
825
What is the highest common divisor of 5420 and 6376?
4
What is the greatest common factor of 16 and 4094788?
4
What is the greatest common divisor of 40069395 and 45?
45
Calculate the highest common factor of 89176 and 23236.
628
What is the highest common divisor of 50402952 and 12?
12
Calculate the greatest common divisor of 68376 and 3996888.
6216
Calculate the highest common factor of 3502 and 1745026.
206
What is the greatest common divisor of 471191 and 539?
7
Calculate the greatest common divisor of 296 and 3813257.
37
What is the greatest common factor of 173765 and 1771?
23
Calculate the highest common factor of 40571440 and 21060.
260
Calculate the greatest common factor of 45877050 and 300.
150
Calculate the greatest common factor of 119835117 and 1413.
1413
What is the highest common divisor of 293944 and 444248?
56
Calculate the highest common factor of 1142604 and 16524.
612
What is the greatest common divisor of 371655 and 10314?
27
What is the highest common factor of 36 and 363743388?
36
Calculate the greatest common factor of 3192833 and 56.
7
Calculate the highest common factor of 7 a